h + 2. Let d be p(1). Let m(y) = d - 163*y - 2*y - 93*y - 1. Is m(-9) prime?
True
Let b = 48119 - -210980. Is b prime?
True
Suppose -2295361 = -46*q + 2167329. Is q composite?
True
Let p be (-4 - 0)/(-12) - 209/(-3). Let w(b) = 4*b - 3. Let q be w(-5). Let g = q + p. Is g a composite number?
False
Let k = -1210 + 2477. Let z = k + 72. Is z a composite number?
True
Let t(s) = -226*s**3 + 6*s**2 + 2*s - 2. Let z = -71 - -68. Let i be t(z). Suppose -5127 - i = -3*y - 5*n, n = y - 3753. Is y prime?
False
Let z(x) = 21 + x + 44*x**3 + x + 4*x - 5*x**2 + 3*x**2. Is z(5) prime?
True
Suppose -12 = -4*w, -402378 = 282*t - 285*t + 3*w. Is t a prime number?
True
Suppose 2*h - 2*z - 106 = 0, -5*z = -16 + 6. Suppose -12*t + t = -h. Let s(a) = 13*a**3 + 8*a**2 - 20*a - 7. Is s(t) a prime number?
False
Suppose -q + 5317635 = 4*q + x, -x - 1063521 = -q. Suppose -368202 + q = 28*t. Is t composite?
True
Suppose 1258 = -11*p - 2273. Let v be 582/(-4)*8/6. Let b = v - p. Is b composite?
False
Let h = 70 + -60. Suppose 4*p = -6 - h. Is (2/p)/((-1)/1294) a prime number?
True
Suppose -3*d = -12, -4*d - 3409 = 3*h - 2*h. Let f = h - -8982. Is f a prime number?
True
Suppose -18*c - 40*c - 16*c = -16796002. Is c a composite number?
True
Suppose -41*r + 684360 = -26*r. Let h = r + -9433. Is h composite?
False
Let i(r) = -40*r + 1. Let z(b) = -b + 1. Let c = -15 - -14. Let s(l) = c*i(l) + 2*z(l). Is s(2) a prime number?
False
Let q = -309 - -311. Suppose 5*f - 10955 = q*k + 4240, f + 2*k = 3027. Is f composite?
False
Let y(u) = 19*u**2 - u**2 - 5 + 17*u**2 - 7*u. Suppose 3*f = 2*a + 17, -5*a = -f + 1145 - 1122. Is y(a) a prime number?
False
Let q(f) = -14*f**2 - 17*f - 73*f**2 - 8 - 1. Let p(o) = -29*o**2 - 6*o - 3. Let a(b) = -7*p(b) + 2*q(b). Is a(-2) prime?
True
Suppose 9*b = 10*b + 1, 2*m = 2*b + 69076. Is m prime?
True
Let c(n) = 2*n**2 - 16*n + 14. Let x be c(7). Let k be ((-18)/4)/((-3)/4). Suppose x = 5*b, o - 467 = -b + k*b. Is o composite?
False
Let t be 1/(-4) - 55499/(-92). Suppose -3*j - 4*i + 8195 = 0, -5*i + t = -j + 3322. Is j a prime number?
True
Suppose 0 = 16*o - 13*o + 3. Let n be (3 + o)/(-1) - -7545. Suppose 3*c - n = -2260. Is c composite?
True
Let r = -873 - -1471. Suppose 37*z - 39*z = -r. Is z prime?
False
Let i = -8116 - -5186. Let x be 1/1*-9 + -1668. Let v = x - i. Is v a prime number?
False
Suppose 5*r + a = 4096943, 12*r = -16*a + 15*a + 9832666. Is r composite?
False
Suppose 5 = 160*j - 159*j. Suppose -j*q + 14075 = -8660. Is q prime?
True
Suppose -2*q + 2*o + 36066 = -170840, 0 = -3*q + 2*o + 310359. Is q a prime number?
False
Suppose -8220 = -171*d + 166*d. Let q = 5603 - d. Is q a prime number?
False
Suppose 17*u - 717357 - 2227144 = -655298. Is u prime?
False
Suppose 8*r - 2 - 14 = 0. Is r/8 - ((-12051)/(-4))/(-9) a composite number?
True
Let j = 25578 + 91277. Suppose 9*d + 2*l - 93472 = 5*d, 5*d = 5*l + j. Is d a prime number?
True
Suppose -204*z = -105773217 - 75460995. Is z a prime number?
False
Let d = 36 + -4. Suppose -d*x + 213 = -29*x. Let z = x + 236. Is z prime?
True
Suppose 9 = 2*c + 69. Let f be (-2 + 6/(-9))*c/4. Let t(a) = -a**3 + 23*a**2 - 42*a - 25. Is t(f) composite?
True
Let q = 1 + -1. Suppose d - 1571 = -3*o, -2*o + q*d + 1024 = -4*d. Let z = o - 215. Is z composite?
False
Let i(m) = -m**3 - m**2 - 3*m + 4. Let s be i(2). Let g be (-68)/s + 5/35. Suppose 2*a - 2483 = a + g*w, 2*w + 9860 = 4*a. Is a a prime number?
False
Suppose l + 9309541 = -18*g + 23*g, 5*g - 9309557 = -3*l. Is g composite?
True
Suppose 1525 = -6*o - 4259. Let a = -135 + 132. Is a/(24/o) + (-1)/(-2) composite?
True
Let z(a) be the second derivative of 0 + 1/2*a**3 - 9*a + 5/2*a**2 - 1/6*a**4 - 3/20*a**5. Is z(-3) a prime number?
True
Suppose 33174 = -2*k + 193099 + 334893. Is k a composite number?
False
Let l = 714812 + -239110. Is l a composite number?
True
Suppose 4*l - 4*u - 40686 - 3338 = 0, -5*l - 4*u = -55057. Is l a composite number?
True
Let y = 11704 + -4888. Let b = 9101 - 13338. Let f = b + y. Is f prime?
True
Suppose -467*w - 260565 = -482*w. Is w composite?
True
Let c(u) = u + 9. Let g be c(-4). Suppose -3*w + 414 = 3*b - 42, -b + 140 = g*w. Is b a prime number?
False
Suppose 3*s - 3 = 2*t, 9*s = 4*t + 4*s + 5. Suppose t = 2*g + 3*x + 11, -3*x = -5 - 4. Is ((-3)/9*2)/(g/27285) prime?
False
Suppose 0 = -7*n + 5*n - 92. Let o be 24/132 - n/(-11). Is -3 + 7578/5 - o/10 prime?
False
Suppose 25 = 12*d + 73. Let y = d + -285. Let t = 416 + y. Is t a prime number?
True
Suppose -215*f - 40*f + 81227955 = 0. Is f a composite number?
True
Let l = -48 + 51. Suppose -4*x - 146 = l*j - j, 3*x + 108 = -j. Is x/7*662/(-10) a composite number?
False
Let u be 35/(42/6) - -4. Suppose -u*k + 25841 = -31642. Is k a prime number?
False
Let n(j) = j**3 + 11*j**2 + 10*j + 17. Let u be n(-9). Let h = u + -86. Suppose -h*a - 5*f + 609 = -a, -3*a + f = -922. Is a composite?
False
Let p = 7059 + -2531. Let m = p + -737. Is m composite?
True
Suppose 6980 = 37*s - 13037. Is s a composite number?
False
Suppose -4*o - 152 = 4*l, 4*l + 76 = 2*o - 88. Let h = l + 98. Let s = h - -31. Is s a prime number?
True
Is 242424504/(-378)*3/(-4) a prime number?
True
Let a = -2361 + 21334. Is a a prime number?
True
Suppose -3*c + 2896 = 4*u + c, 0 = 5*u + 4*c - 3618. Let j be (2 + 1)/(-6)*(10 + u). Let k = 3299 - j. Is k prime?
False
Let k(m) = 695*m - 99. Let f be k(15). Let t = 33743 - f. Is t a prime number?
True
Let f = -77 + 83. Suppose 3331 = f*q + 445. Is q a prime number?
False
Suppose -2*f + 8 = 4*v, f - v = 3*v - 2. Suppose 4*g = -f*u + 28456, 3*u + 10 = 8*u. Is g prime?
False
Let x(u) = -6839*u - 2267. Is x(-14) prime?
True
Is (13051 + (-126)/14)*(-3)/(-6) a prime number?
True
Suppose -16*d - 4914287 = -17178373 - 5220218. Is d composite?
True
Is (1 - (-978198)/4) + 269/538 prime?
False
Let k = 45104 - 14091. Is k a prime number?
True
Let z(t) = 33*t**2 + 7*t + 5. Suppose 29 = -2*v + 83. Let h = -31 + v. Is z(h) prime?
False
Suppose 7*j = 12*j - 6275. Suppose -5*y + c + 2096 = 0, y - 2*c = 4*y - j. Is y a prime number?
True
Let a(z) = -58545*z - 1729. Is a(-42) a prime number?
False
Suppose 7*r + 4*r = 718311. Suppose 4*a + 16 = 0, 3*y - r = -0*a + 3*a. Is y composite?
True
Suppose 5*g + 54 = 44. Is ((-1)/g)/((-2)/(-2524)) composite?
False
Let k = -6478 - -47829. Is k a prime number?
True
Let s(r) = -r**3 + r**2 + r. Let n(v) = -v**3 + 22*v**2 - 12*v - 25. Let q(a) = -n(a) + 2*s(a). Is q(-22) composite?
True
Let d = 224 - 229. Is -4*d/5 + 2367 a prime number?
True
Suppose -v + 0*v = -2*h - 14, -v + 13 = -h. Let k be ((-2)/8 + 3255/v)*-5. Let b = 2056 + k. Is b a composite number?
False
Suppose 0 = 5*h + 5, 53*m - 47*m - 274063 = h. Is m a prime number?
True
Let d(u) = 8428*u**2 - 16*u - 31. Is d(-3) a composite number?
False
Let z = -105776 - -149107. Is z a composite number?
False
Suppose -45*h + 43*h - 2*o + 428442 = 0, 214207 = h - 6*o. Is h a composite number?
False
Let f(g) = 1898*g**3 - 4*g**2 - g - 5. Let b(v) = 2*v + 4. Let s be b(-1). Is f(s) a prime number?
True
Suppose -44*g + 187575 = -21*g - 588008. Is g composite?
False
Suppose 24*o - 17*o + 47208 = 0. Let c = o - -15385. Is c a composite number?
False
Let n be (3047 - -3)/5 + 3. Suppose -34418 = -5*h - n. Is h composite?
False
Let p(h) = h**2 + 7*h + 14. Let n be p(-4). Suppose -7184 = -2*j + n*y, 5*j - 8558 = -5*y + 9432. Is j prime?
False
Let u be (-195)/(-10) - (-9)/(-6). Is 1 + (28200/u)/((-4)/(-12)) prime?
False
Let j(v) = 165*v + 96. Let y be j(-22). Let f = 3029 - y. Is f composite?
False
Suppose -5*t - 107 = -4*q, 5*q + 3*t - 124 = 6*t. Suppose 5*c + 13 = q. Suppose i + c*i = 2049. Is i a composite number?
False
Let s(a) = a**2 - 11*a + 14. Let b be s(10). Suppose 2*h - 5*h + 711 = 0. Suppose -b*c + c = -h. Is c a composite number?
False
Let k be (541/(-3) - 1) + (-6)/(-18). Let h = 688 - k. Is h a prime number?
False
Let z = -250297 + 356430. Is z a prime number?
False
Let z be ((-2)/2)/((-515)/(-86) - 6). Let x = 17 + z. Is x a composite number?
False
Let s(y) = -442*y + 16. Let j be s(-4). Let q = 2674 - j. Suppose -i + 3*i + 4*o = 356, 5*i - 5*o = q. Is i a prime number?
False
Let a = -247 - -372. Suppose -a = -4*u + 51. Let b = u - 11. Is b composite?
True
Is (-176700 + 23)*(-4 + 1)/3